
True
Is 163307267 prime?
False
Is 5771952703 a prime number?
False
Is 171714649 a prime number?
True
Is 695066117 a composite number?
False
Is 5248999346 prime?
False
Is 2557086943 composite?
True
Is 4108648751 prime?
False
Is 114882612893 a composite number?
True
Is 1696908617 composite?
True
Is 4038285011 composite?
False
Is 5592301357 a composite number?
False
Is 7722385435 prime?
False
Is 198734356279 a prime number?
True
Is 33716441 a composite number?
True
Is 425088127 a composite number?
False
Is 1659562826 a prime number?
False
Is 910094462 prime?
False
Is 39401126641 composite?
False
Is 4875915871 a prime number?
False
Is 1785616037 a prime number?
False
Is 27529277117 prime?
True
Is 12510610789 a composite number?
False
Is 644597489 composite?
False
Is 8230535081 composite?
False
Is 8944384939 a prime number?
False
Is 2733303961 a composite number?
False
Is 53170095437 a composite number?
False
Is 368499269 a prime number?
True
Is 6943195603 composite?
False
Is 408507187 a prime number?
False
Is 2119747963 prime?
False
Is 6072702983 a composite number?
False
Is 40039097771 a composite number?
False
Is 123300377 a prime number?
True
Is 613625737 composite?
False
Is 58071599 prime?
True
Is 3431278363 composite?
True
Is 1430431489 prime?
False
Is 572783257 a prime number?
False
Is 1266448369 a composite number?
False
Is 45685843663 a prime number?
False
Is 89318987 a prime number?
True
Is 2680958162 a composite number?
True
Is 3955274291 prime?
False
Is 40025754319 a composite number?
False
Is 1668576373 composite?
False
Is 1107328433 a prime number?
True
Is 11447631619 a prime number?
False
Is 798564553 composite?
False
Is 1264457749 a prime number?
True
Is 6516222509 prime?
True
Is 106689900711 prime?
False
Is 36851555021 prime?
True
Is 17922216337 prime?
False
Is 31677103621 a composite number?
True
Is 119876966129 prime?
False
Is 5527359289 a prime number?
False
Is 10793084413 a composite number?
False
Is 63478891589 a composite number?
True
Is 378433037 prime?
True
Is 5186900489 prime?
True
Is 3930149939 a prime number?
True
Is 32821139567 prime?
False
Is 20905430939 prime?
False
Is 362117488595 composite?
True
Is 54244536701 a prime number?
False
Is 581269159 a composite number?
True
Is 93190714 a composite number?
True
Is 19310059 composite?
False
Is 20115662213 a composite number?
False
Is 4231279589 prime?
False
Is 4226954827 composite?
True
Is 4950439601 a prime number?
False
Is 16527544949 a prime number?
True
Is 3592515779 prime?
True
Is 13735992377 composite?
True
Is 18848842829 a prime number?
True
Is 6960579853 a prime number?
False
Is 183969710557 prime?
True
Is 3492366413 a prime number?
False
Is 946849417 a composite number?
True
Is 775907639 prime?
False
Is 7443999461 prime?
False
Is 52448195621 a prime number?
True
Is 22438432691 prime?
True
Is 2081610161 a composite number?
True
Is 1069877573 a composite number?
True
Is 18085355597 a prime number?
True
Is 22395943781 composite?
True
Is 9226115573 a composite number?
False
Is 885124271 composite?
True
Is 2318416693 composite?
False
Is 9491220301 a prime number?
False
Is 2068257397 a prime number?
True
Is 72159443 composite?
False
Is 899392541 prime?
True
Is 586570901 a prime number?
False
Is 2024135257 composite?
False
Is 495057167 a prime number?
False
Is 192871370171 a composite number?
True
Is 16390095955 a composite number?
True
Is 3013186361 a prime number?
False
Is 66994938473 composite?
False
Is 11379877309 prime?
False
Is 75773420071 a prime number?
False
Is 12034126571 a composite number?
True
Is 66627856343 a prime number?
False
Is 7828604551 composite?
True
Is 6469493743 composite?
False
Is 112583553949 a composite number?
True
Is 64833687161 a composite number?
False
Is 15931399513 a composite number?
True
Is 27897059279 a composite number?
True
Is 18238309837 a prime number?
False
Is 16287787367 composite?
True
Is 8171424049 a prime number?
True
Is 6742458813 composite?
True
Is 11156356903 a prime number?
False
Is 19246858379 prime?
False
Is 45611920547 a prime number?
False
Is 104319583 a prime number?
False
Is 2502392507 composite?
True
Is 6504182759 a composite number?
True
Is 1353778189 composite?
False
Is 27275364343 composite?
False
Is 4698256369 composite?
True
Is 266544370711 a prime number?
True
Is 13739497 prime?
True
Is 31726925669 prime?
True
Is 57380314589 prime?
False
Is 481402997 prime?
False
Is 22448615809 a composite number?
False
Is 343410196565 a prime number?
False
Is 9873441139 a prime number?
True
Is 148328923 a composite number?
False
Is 4924365931 composite?
True
Is 697891991 a prime number?
True
Is 1279181611 composite?
False
Is 8995965989 a prime number?
True
Is 3392706001 a prime number?
False
Is 2204012273 prime?
True
Is 1417665533 prime?
True
Is 173440829 composite?
False
Is 20034143449 prime?
False
Is 7569615461 a prime number?
False
Is 2745208918 a composite number?
True
Is 12369580607 composite?
False
Is 10809116807 prime?
True
Is 33431830423 prime?
True
Is 1358062523 a composite number?
False
Is 27019216537 prime?
True
Is 3115519643 composite?
False
Is 34185353 a prime number?
False
Is 47465613019 a prime number?
False
Is 3113440573 a composite number?
True
Is 74007606623 prime?
True
Is 8943452615 prime?
False
Is 20248092101 a composite number?
False
Is 290043977 prime?
True
Is 2181323041 composite?
True
Is 5079119933 a prime number?
True
Is 4928799703 prime?
True
Is 104900743 composite?
True
Is 2451891457 a composite number?
True
Is 110981130899 prime?
True
Is 835167409 a prime number?
False
Is 212416159 a composite number?
False
Is 1648029191 prime?
False
Is 126982718189 a composite number?
True
Is 14753942773 a composite number?
True
Is 167033547077 composite?
True
Is 71378148053 prime?
True
Is 1624634909 prime?
True
Is 11360320663 prime?
False
Is 26430858107 a prime number?
True
Is 7442671529 prime?
True
Is 7570503793 composite?
True
Is 12658871807 a prime number?
False
Is 140300399 composite?
True
Is 1145772649 a prime number?
False
Is 5481000949 composite?
False
Is 340709491 a composite number?
True
Is 1476485369 a prime number?
True
Is 1028270753 prime?
True
Is 534492367 a prime number?
True
Is 28153959329 composite?
False
Is 122501266733 composite?
True
Is 5552983573 a composite number?
False
Is 180086554 prime?
False
Is 6381898723 a prime number?
True
Is 9838473 a composite number?
True
Is 42236770519 a prime number?
True
Is 1321139047 prime?
True
Is 1367887903 prime?
False
Is 55378769189 prime?
True
Is 4555053637 a composite number?
True
Is 1091609243 prime?
True
Is 101049375731 prime?
True
Is 33211811107 a prime number?
True
Is 119339141 prime?
False
Is 26364228329 composite?
False
Is 285339137 a composite number?
False
Is 15932641279 a composite number?
False
Is 69282272131 prime?
True
Is 4389892063 prime?
True
Is 2894704523 prime?
False
Is 31136159371 a prime number?
True
Is 152695429015 prime?
False
Is 45314128763 composite?
False
Is 72436143739 composite?
False
Is 2838314573 prime?
False
Is 23228295979 a prime number?
False
Is 5850593159 prime?
True
Is 5243540633 prime?
False
Is 3476905111 composite?
True
Is 22223416979 prime?
True
Is 2895018601 composite?
True
Is 6068895353 composite?
False
Is 18864863749 a prime number?
True
Is 3969275437 a prime number?
True
Is 8286849787 a prime number?
False
Is 196228573 a composite number?
True
Is 37334663131 a composite number?
True
Is 112944043 a composite number?
True
Is 739411819 prime?
True
Is 602344117 prime?
False
Is 6119374663 a prime number?
False
Is 18834148901 a prime number?
True
Is 2757841441 a composite number?
False
Is 16556397661 prime?
True
Is 37631420731 composite?
False
Is 10431446129 a prime number?
False
Is 2078386711 composite?
False
Is 104725897015 a composite number?
True
Is 191174983 composite?
False
Is 1766151527 a composite number?
True
Is 21647190641 a prime number?
True
Is 3422266553 prime?
False
Is 6505191191 composite?
True
Is 729806945533 prime?
True
Is 998842613 a composite number?
True
Is 2995578407 a composite number?
False
Is 77253500089 prime?
True
Is 1946271343 a prime number?
True
Is 245178056665 a composite number?
True
Is 2176992551 prime?
False
Is 6087892795 a composite number?
True
Is 4237946383 composite?
True
Is 20873